ase 9, what is -13044 - 1406?
-14451
In base 3, what is 1200 - 10221212212?
-10221211012
In base 12, what is -40 - 208903?
-208943
In base 9, what is 2 - 258480872?
-258480870
In base 2, what is -1000 - -10110101011101111100?
10110101011101110100
In base 3, what is 12 - -11002201200022101?
11002201200022120
In base 2, what is -1000010010011110001110 - 1001110010?
-1000010010101000000000
In base 16, what is -18127e - 50?
-1812ce
In base 15, what is 400ba + -5c?
4005d
In base 6, what is 24523 - 232251?
-203324
In base 14, what is ad + 961b?
96ca
In base 3, what is -2 + 22221202000212?
22221202000210
In base 4, what is 10212033113 + -10?
10212033103
In base 12, what is 5 - 2039a284?
-2039a27b
In base 16, what is -8c3829 + 8?
-8c3821
In base 6, what is -32 - -4154243?
4154211
In base 10, what is 2 - -183837870?
183837872
In base 16, what is b + -22c86a?
-22c85f
In base 12, what is -131 - -460513?
4603a2
In base 4, what is -21 + -130210032?
-130210113
In base 14, what is -3d2d0 + c92?
-3c43c
In base 5, what is -12 + -4431420301?
-4431420313
In base 10, what is -8391123 + -167?
-8391290
In base 13, what is -166a + -7451?
-8abb
In base 3, what is -2012011211220111210 - -11?
-2012011211220111122
In base 13, what is 14 + -99a952?
-99a93b
In base 4, what is 0 + 22123132130000?
22123132130000
In base 2, what is -1101000110010111000011 + 1000?
-1101000110010110111011
In base 5, what is 2140302431 + 21?
2140303002
In base 12, what is 26 - 463386?
-463360
In base 10, what is 988676876 + 0?
988676876
In base 3, what is 1222201 + 110002100022?
110011100000
In base 3, what is -1012102022201120 - -102?
-1012102022201011
In base 3, what is 121210210011 + 120122?
121211100210
In base 4, what is 121321 - -3200300?
3322221
In base 3, what is -10 + 112202011011002?
112202011010222
In base 8, what is -176631 - -7472?
-167137
In base 12, what is -118b + 17513?
16344
In base 16, what is 553b2 - -2a?
553dc
In base 10, what is 1509394 - -4?
1509398
In base 5, what is 413312231 + -1223?
413311003
In base 9, what is -88220 + -2577?
-101807
In base 15, what is 202 + 25c92?
25e94
In base 12, what is 1044a098 + 4?
1044a0a0
In base 6, what is -2205350 + -121?
-2205511
In base 3, what is 2020220121122112 + 11?
2020220121122200
In base 13, what is -7c9309a - 9?
-7c930a6
In base 12, what is 3241575 + -4?
3241571
In base 7, what is 556435 - -1336?
561104
In base 4, what is -1011002033021 + -1?
-1011002033022
In base 4, what is 0 + -1121210101?
-1121210101
In base 14, what is -444b6 + -5?
-444bb
In base 15, what is -74 + 15d84?
15d10
In base 9, what is -7750 - 240140?
-248000
In base 5, what is 23240 + 10313144?
10341434
In base 12, what is -1375bb7 + -3?
-1375bba
In base 3, what is -1110122120020102 + 12?
-1110122120020020
In base 14, what is 1a47 - 60?
19c7
In base 15, what is d78 + -2184?
-130b
In base 4, what is -113221312031 - 1103?
-113221313200
In base 2, what is 101100101 - -11110101010101111100?
11110101011011100001
In base 3, what is -22102010202 + 2000?
-22102001202
In base 3, what is 12 + 11022010221220?
11022010222002
In base 4, what is 10 + -1012212222131?
-1012212222121
In base 11, what is 234 + 144531?
144765
In base 15, what is -aa1 - 875?
-1426
In base 16, what is -46475 - -5b7?
-45ebe
In base 11, what is -104 + -105318?
-105421
In base 12, what is 470 + -ab55?
-a6a5
In base 12, what is 1 + a21113?
a21114
In base 2, what is 10000111110 + -1111101010101?
-1101100010111
In base 14, what is 37c - -dd?
47b
In base 9, what is 7 - -363868?
363876
In base 14, what is -5362 - -157?
-5209
In base 15, what is 5a1 + -452c?
-3e7b
In base 5, what is 134304411 + 201?
134310112
In base 15, what is -3b0122 - -3?
-3b011e
In base 5, what is 11 - -11421323410?
11421323421
In base 15, what is c8 - -27217?
272e0
In base 13, what is -2c249 - 43a8?
-33624
In base 5, what is -2142234014 + -31?
-2142234100
In base 12, what is -25 + 19a6145?
19a6120
In base 9, what is -4483 + 567?
-3815
In base 6, what is -34414152 - 2323?
-34420515
In base 6, what is -2001501510 + 2?
-2001501504
In base 3, what is -112 + -11122111201?
-11122112020
In base 3, what is -101011100202 + -110?
-101011101012
In base 13, what is -10a + -238b7?
-239c4
In base 16, what is -6421 - -41?
-63e0
In base 14, what is 1bd4 + 64c6?
82ba
In base 16, what is -181d1 - 2730?
-1a901
In base 14, what is -608601a + -4?
-6086020
In base 15, what is 34b3a - -d?
34b48
In base 11, what is -2643a - 157?
-26596
In base 10, what is -4 - -5284590?
5284586
In base 11, what is -7263a - -6?
-72634
In base 13, what is 5 - 9544196?
-9544191
In base 9, what is 256 + 587834?
588201
In base 6, what is 10 + -40224013?
-40224003
In base 8, what is 5145206 + 275?
5145503
In base 4, what is -102311 + -112010?
-220321
In base 6, what is -2453434 + -3205?
-2501043
In base 14, what is -5b29b7 + -5b?
-5b2a34
In base 16, what is -80d0 - 97a?
-8a4a
In base 8, what is -1276 + -76375?
-77673
In base 14, what is 1548 - -9074?
a5bc
In base 11, what is 8827 + -6a063?
-61337
In base 9, what is 1574 + -530?
1044
In base 12, what is -1 - -22baa0?
22ba9b
In base 10, what is -18108 - 291?
-18399
In base 4, what is 1 - -111113000020?
111113000021
In base 14, what is -3 - -29ab7a?
29ab77
In base 15, what is 3 - -1797982?
1797985
In base 11, what is -493266 + -8?
-493273
In base 5, what is -220134423 - 23334?
-220213312
In base 15, what is 9 - b6ad89?
-b6ad80
In base 16, what is -35f + 792?
433
In base 8, what is 710044557 - -2?
710044561
In base 7, what is 3313046324 + 1?
3313046325
In base 3, what is -110121211221002010 + -10?
-110121211221002020
In base 8, what is -2537 - 116741?
-121500
In base 10, what is -10689 - 5416?
-16105
In base 6, what is -3 - 2134125?
-2134132
In base 3, what is 100000202011221 + -2212?
100000202002002
In base 10, what is -530058686 + -3?
-530058689
In base 15, what is -9e6e + -ad?
-a02c
In base 14, what is -28a5444 - -3?
-28a5441
In base 10, what is 6877 - -1152?
8029
In base 15, what is 1 - -746599?
74659a
In base 8, what is 7740555 - -2?
7740557
In base 2, what is 110001000010101011 + 1?
110001000010101100
In base 13, what is -5 + 52bb8a1?
52bb899
In base 7, what is 1524 - -1223114?
1224641
In base 11, what is -899a + -28?
-8a17
In base 5, what is -10 + -13033403201?
-13033403211
In base 15, what is -c + -1522b1?
-1522bd
In base 12, what is -10a10502 + 7?
-10a104b7
In base 16, what is 32c8d + -17?
32c76
In base 12, what is -144112 - -331?
-1439a1
In base 5, what is -141443 - -3030?
-133413
In base 9, what is -25003356 + -48?
-25003415
In base 7, what is 12565242 - 33?
12565206
In base 6, what is -15123500 - -24?
-15123432
In base 7, what is -12232 - 24320?
-36552
In base 9, what is -232886 + 16?
-232870
In base 9, what is 15 + 714008?
714024
In base 13, what is 42a + 245a2?
249cc
In base 4, what is 200012013 - 23311?
133322102
In base 13, what is 18395 + 14a0?
19865
In base 12, what is -11b4 - 24b85?
-26179
In base 2, what is -1000011001011101 - 1001111110?
-1000100011011011
In base 2, what is -1100000 + -11000001100001111111?
-11000001100011011111
In base 16, what is 28f + -5e58?
-5bc9
In base 15, what is b0 + 1352e?
135de
In base 12, what is -48 - 37430a?
-374356
In base 14, what is -4b06 + -126?
-4c2c
In base 15, what is 2 - -291639?
29163b
In base 5, what is 203 - -4304341?
4310044
In base 12, what is a4 - -51016?
510ba
In base 6, what is 255555215 + 11?
255555230
In base 15, what is 4 - -d2cb4d6?
d2cb4da
In base 4, what is -11210311301 - -1310?
-11210303331
In base 4, what is -1023020123223 + 23?
-1023020123200
In base 10, what is 11817573 - 26?
11817547
In base 7, what is 26556126 + 1?
26556130
In base 5, what is -3203 - -304343?
301140
In base 9, what is 1502 - 7821?
-6318
In base 14, what is -19 - -174459?
174440
In base 8, what is 5 - 131772316?
-131772311
In base 4, what is -3 + 1321110223?
1321110220
In base 10, what is 93 - -54151?
54244
In base 2, what is 10111110101011111 + -10101?
10111110101001010
In base 13, what is 4 + 2303c78?
2303c7c
In base 4, what is -1221 - 312312113?
-312320000
In base 8, what is -571641 - 600?
-572441
In base 5, what is -323144 - 214444?
-1043143
In base 2, what is 1011000010011000111101 - 10?
1011000010011000111011
In base 11, what is -53747 - -23?
-53724
In base 11, what is -127a6 - -211?